**2 + 609*p - 19394. Calculate g(34).
156
Let g(j) = -246948*j + 494064. Give g(2).
168
Let s(c) = c**2 - 100*c + 1277. Calculate s(16).
-67
Let l(c) = 97*c**2 - 47355*c + 9289. What is l(488)?
17
Let i(v) = -v**2 + 116*v - 1514. Give i(20).
406
Let d(g) = 46*g**3 + 30*g**2 - 16*g - 262. What is d(-5)?
-5182
Let f(s) = -51*s**2 + 366*s - 513. What is f(5)?
42
Let v(x) = -3*x**3 + 10*x**2 + 495*x - 1003. Determine v(2).
3
Let h(a) = -12142*a - 60744. Calculate h(-5).
-34
Let s(x) = 249*x**2 - 239*x - 20. Calculate s(2).
498
Let b(g) = 4*g**3 - 2478*g**2 - 6208*g - 7632. What is b(622)?
-168
Let o(b) = b**2 + 101308*b - 19996475. What is o(197)?
10
Let k(m) = -334*m**2 + 2001*m - 82. What is k(6)?
-100
Let f(w) = -w**2 - 205*w - 4589. Give f(-26).
65
Let a(z) = -2*z**3 + 305*z**2 - 500*z + 8424. Determine a(151).
1327
Let o(y) = 243*y - 8873. Give o(30).
-1583
Let l(i) = 924*i**3 + 15*i**2 + 10*i - 26. Determine l(1).
923
Let f(k) = -k**3 - 2*k**2 + 37773*k - 188796. Give f(5).
-106
Let t(p) = p**2 - 50*p + 55. What is t(17)?
-506
Let v(z) = -23*z**2 - 851*z - 155. Determine v(-37).
-155
Let v(w) = -w**2 + 12328*w + 61677. What is v(-5)?
12
Let s(g) = -g**3 + 58*g**2 - 104*g + 6004. Calculate s(58).
-28
Let k(r) = 60*r**3 - 1621*r**2 + 25*r + 34. What is k(27)?
-20
Let g(b) = 786*b + 40884. What is g(-52)?
12
Let i(z) = -z**3 - 2*z**2 + 16042*z + 32077. Calculate i(-2).
-7
Let j(d) = -1288*d + 5130. Calculate j(4).
-22
Let m(h) = -11*h**3 + 89*h**2 - 101*h - 2. Determine m(7).
-121
Let o(y) = y**3 - 25*y**2 - 169*y + 42. Give o(29).
-1495
Let y(a) = -2387947*a + 14327678. Give y(6).
-4
Let h(i) = 708*i - 8746. Calculate h(12).
-250
Let d(b) = -b**2 + 3850*b + 34710. Determine d(-9).
-21
Let i(y) = -19*y**3 - 25*y**2 - 39*y + 187. Determine i(6).
-5051
Let c(w) = w**3 + 382*w**2 - 384*w - 361. What is c(-383)?
22
Let g(u) = -408*u + 12659. Calculate g(31).
11
Let j(m) = -27*m + 5910. Calculate j(225).
-165
Let z(b) = -b**3 + 19*b**2 - 174329*b + 2963009. Determine z(17).
-6
Let d(i) = -10326*i - 113568. Give d(-11).
18
Let s(l) = 5*l + 289. Give s(-98).
-201
Let l(b) = 213*b - 21965. Give l(118).
3169
Let m(g) = 2512*g + 361876. Determine m(-144).
148
Let y(l) = -11387*l - 102809. Calculate y(-9).
-326
Let r(g) = -4*g**3 + 308*g**2 + 6*g + 61. Give r(77).
523
Let c(o) = 876*o + 19331. Calculate c(-22).
59
Let h(z) = z**3 + 82*z**2 - 1254*z - 1807. Determine h(-95).
-2
Let a(b) = -101*b + 123. Determine a(5).
-382
Let o(r) = 32*r - 1031. What is o(-4)?
-1159
Let h(v) = 9*v**3 + 84*v**2 - 959*v + 16. Give h(-16).
0
Let g(z) = -z**3 + 26*z**2 + 71*z - 80. What is g(28)?
340
Let d(w) = w**2 - 113*w - 7534. Calculate d(160).
-14
Let x(u) = -22178*u + 354876. Give x(16).
28
Let h(z) = -z**2 + 293*z - 12171. Give h(50).
-21
Let h(q) = -q**3 + 32*q**2 - 123*q + 1004. What is h(22)?
3138
Let n(y) = 10*y**2 + 2451*y - 2447. Give n(1).
14
Let t(i) = -17*i**2 + 6556*i + 13108. Calculate t(-2).
-72
Let g(t) = -t**3 - 67*t**2 - 43*t + 657. Calculate g(-66).
-861
Let l(c) = -88323*c + 441613. What is l(5)?
-2
Let p(x) = -4513*x - 2901856. Determine p(-643).
3
Let v(t) = 5*t**2 - 5172*t + 381766. What is v(80)?
6
Let j(k) = -1035*k + 441012. What is j(426)?
102
Let k(p) = p**3 + 33*p**2 - 404*p - 10097. Give k(-15).
13
Let q(s) = 607266*s - 4858111. Calculate q(8).
17
Let w(y) = -41*y**2 - 1339*y - 3226. Give w(-30).
44
Let d(p) = p**3 - 20*p**2 - 5879*p + 153628. Determine d(27).
-2
Let x(r) = -r**3 + 169*r**2 - 77*r + 13011. Calculate x(169).
-2
Let l(c) = 14537*c + 58136. Give l(-4).
-12
Let i(v) = -259*v**2 + 1931*v - 3471. Calculate i(3).
-9
Let s(h) = -h**2 - 497*h - 3329. Determine s(-7).
101
Let t(k) = 504*k + 7075. Give t(-14).
19
Let t(q) = -q**3 + 150*q**2 - 5600*q - 1528. Give t(73).
5
Let r(d) = -d**3 + 151*d**2 - 1279*d + 243. Give r(142).
101
Let l(i) = 2*i**2 + 18393*i + 91936. Give l(-5).
21
Let q(u) = -3081*u - 117065. What is q(-38)?
13
Let d(c) = -446*c - 48605. What is d(-109)?
9
Let j(k) = 2*k**2 + 37*k - 13460. What is j(-92)?
64
Let u(o) = -3*o**2 - 757*o - 12212. What is u(-235)?
8
Let y(l) = l**2 + 1480*l + 7372. Calculate y(-5).
-3
Let z(a) = 92*a**2 + 543*a + 688. Calculate z(-4).
-12
Let d(i) = -1342*i - 88560. What is d(-66)?
12
Let h(j) = -9*j**2 + 21*j + 220. What is h(7)?
-74
Let c(f) = 28*f**2 - 258*f - 537. Determine c(11).
13
Let l(t) = -1260*t + 464941. Determine l(369).
1
Let i(o) = o**2 - 28673*o + 3113468. What is i(109)?
-8
Let t(d) = -63*d**2 + 8982*d - 5115. Determine t(142).
-3
Let a(v) = 7851*v - 15778. What is a(2)?
-76
Let y(q) = -q**3 + 85*q**2 + 416*q - 5353. Give y(89).
-13
Let c(m) = -57*m + 804. Give c(17).
-165
Let b(i) = -630*i - 82588. What is b(-133)?
1202
Let o(k) = 40*k**2 + 96*k + 844. What is o(-6)?
1708
Let d(u) = 65*u**2 - 1890*u - 5683. Calculate d(-3).
572
Let p(q) = -241*q**2 + 784*q - 57. Calculate p(4).
-777
Let k(d) = -d**2 + 192*d - 5132. Give k(174).
-2000
Let n(c) = -c**2 - 155664*c + 4670906. Determine n(30).
86
Let h(c) = -c**2 - 162*c - 6479. What is h(-80)?
81
Let a(y) = -51*y**2 + 14*y + 131. Calculate a(6).
-1621
Let u(v) = 8*v**2 + 4030*v + 28255. Calculate u(-7).
437
Let j(n) = 44*n**2 - 17705*n - 155763. Calculate j(411).
6
Let j(t) = 1277864*t + 37058049. Give j(-29).
-7
Let s(g) = -g**3 - 5*g**2 - 129*g - 516. Determine s(-4).
-16
Let o(d) = d**2 - 23541*d - 1416061. Calculate o(-60).
-1
Let f(l) = -5*l**3 - 10*l**2 - 245*l - 1708. What is f(-7)?
1232
Let v(i) = 1478*i - 713880. Give v(483).
-6
Let y(p) = -7*p**2 + 1297*p + 36331. Determine y(210).
1
Let b(x) = -89*x - 39114. What is b(-434)?
-488
Let q(z) = 345*z**2 - 104224*z + 104224. Calculate q(1).
345
Let i(v) = 5*v**2 + 126622*v + 759547. Determine i(-6).
-5
Let t(u) = 2*u**3 - 48*u**2 - 1545*u + 34089. What is t(20)?
-11
Let x(f) = 5*f**2 + 19*f - 849. Give x(-15).
-9
Let s(z) = z**3 - 85*z**2 + 1792*z - 1377. What is s(49)?
-5
Let l(w) = w**3 + 35*w**2 + 150*w + 400. Give l(-30).
400
Let c(r) = 3757*r - 172485. Determine c(46).
337
Let v(f) = -3061*f - 557086. What is v(-182)?
16
Let s(m) = -51*m**2 - 968*m - 4300. What is s(-12)?
-28
Let i(p) = 3*p**3 + 1822*p**2 - 3044*p + 265. Calculate i(-609).
-344
Let m(y) = -138*y**2 - 1701*y - 4149. Calculate m(-9).
-18
Let n(p) = -p**3 - 89*p**2 + 154*p + 7699. Give n(-90).
1939
Let c(x) = -x**3 - 549*x**2 - 7502*x - 6467. What is c(-535)?
-47
Let h(g) = g**2 + 584*g - 726458. Give h(609).
79
Let m(n) = -n**3 + 280*n**2 - 18086*n + 1232. Determine m(179).
-21
Let h(c) = 18*c**3 - 8*c**2 - 24*c - 67. Determine h(6).
3389
Let s(b) = -692*b - 574358. Give s(-830).
2
Let m(y) = 22*y**2 + 111*y + 96. Determine m(-4).
4
Let z(u) = 483*u - 7136. Calculate z(15).
109
Let a(p) = 91*p**2 - 3510*p + 80. What is a(40)?
5280
Let f(c) = -48*c + 70. What is f(1)?
22
Let t(a) = -10*a**3 + 15*a**2 - 21*a - 92. What is t(-2)?
90
Let t(s) = 6211*s + 192542. Determine t(-31).
1
Let k(i) = -4*i**3 - 1035*i**2 + 3413*i + 1806. Give k(-262).
-28
Let q(n) = 49*n**3 + 641*n**2 + 36*n - 222. What is q(-13)?
-14
Let f(u) = u**3 - 2067*u**2 + 322478*u + 2044. What is f(170)?
4
Let b(r) = -119*r**2 + 450*r + 9. What is b(4)?
-95
Let n(p) = 5*p**2 + 132*p - 144. Give n(-37).
1817
Let q(z) = -6*z**2 - 1603*z - 103435. What is q(-109)?
6
Let h(d) = 3042*d + 67845. Determine h(-22).
921
Let v(j) = -42344*j + 846887. Give v(20).
7
Let n(c) = c**2 - 35690*c - 38. Calculate n(0).
-38
Let x(a) = -9*a**2 - 1566*a - 6189. Calculate x(-170).
-69
Let a(b) = -2*b**3 + 58*b**2 - 285*b + 244. Calculate a(4).
-96
Let u(l) = -387705*l - 10080329. Determine u(-26).
1
Let a(m) = -533*m + 2175. Give a(4).
43
Let k(j) = -2*j**3 + 1253*j**2 + 7595*j + 19. Give k(-6).
-11
Let p(h) = 3*h**2 - 1602*h + 9475. Calculate p(6).
-29
Let y(j) = -18*j**2 - 6916*j - 13752. Calculate y(-2).
8
Let z(k) = 13*k**3 - 3404*k**2 - 521*k - 797. Calculate z(262).
-11
Let w(l) = -6*l**3 + 422*l**2 - 8*l - 9248. Give w(70).
-8
Let l(t) = -2*t**3 + 64*t**2 - 486*t + 79. Determine l(10).
-381
Let p(j) = 45*j**2 - 581*j + 1814. Give p(8).
46
Let n(y) = -4137*y + 16244. Determine n(4).
-304
Let o(d) = 343*d**2 + 37*d + 6. Calculate o(-1).
312
Let v(g) = -30*g**2 + 471*g + 17. What is v(13)?
1070
Let i(y) = -41*y**2 + 2824*y - 7778. What is i(66)?
10
L